513 a composite number?
False
Is 5156349041 composite?
False
Is 4028010271 composite?
False
Is 1370139521 composite?
False
Is 15117898993 a composite number?
False
Is 883372133 composite?
True
Is 9362295001 composite?
True
Is 371468136991 prime?
False
Is 27318625343 a prime number?
False
Is 106813511 prime?
False
Is 3402122743 a prime number?
True
Is 374918461 composite?
False
Is 477635287 a prime number?
True
Is 3489494237 composite?
False
Is 53574192851 composite?
False
Is 1673827151 a prime number?
True
Is 657316087 prime?
False
Is 25081023719 composite?
False
Is 3774819619 composite?
True
Is 478252007 prime?
False
Is 10093089947 prime?
True
Is 63603640641 a prime number?
False
Is 13581156827 prime?
False
Is 117212897 prime?
True
Is 1843799891 a composite number?
False
Is 96868647269 composite?
False
Is 296637075079 prime?
False
Is 228616517 a prime number?
False
Is 45849480059 a prime number?
True
Is 61076551 a composite number?
False
Is 117490109 a prime number?
False
Is 36490142387 prime?
False
Is 194709567271 prime?
False
Is 49953425611 composite?
True
Is 4017085867 a composite number?
False
Is 382907123 a prime number?
True
Is 53129606573 composite?
True
Is 465800831 composite?
False
Is 3876353807 a prime number?
False
Is 11530033 a composite number?
True
Is 16650266813 prime?
False
Is 10598556235 a prime number?
False
Is 44036341373 prime?
True
Is 13190508967 prime?
True
Is 223516063 composite?
True
Is 2486452679 prime?
True
Is 1169455801 composite?
True
Is 2840196673 prime?
True
Is 43222868653 a prime number?
True
Is 5604109001 a composite number?
True
Is 4301898199 a composite number?
False
Is 754974587 a prime number?
True
Is 4978748939 a composite number?
True
Is 31120166531 composite?
True
Is 2499540409 a composite number?
True
Is 2940598543 a prime number?
False
Is 726520307 composite?
True
Is 12420237409 a composite number?
False
Is 14961066569 a prime number?
False
Is 1976143919 a prime number?
False
Is 3487240697 a prime number?
True
Is 565818349 a composite number?
False
Is 36956369 composite?
False
Is 2279983921 composite?
True
Is 899387507 prime?
False
Is 59391405407 prime?
True
Is 119362071779 a composite number?
True
Is 795142261 composite?
True
Is 4046112362 a prime number?
False
Is 391759127 a prime number?
True
Is 5356822873 prime?
True
Is 38032355927 composite?
True
Is 207467255 prime?
False
Is 5081493149 composite?
False
Is 5000644127 prime?
True
Is 76354288177 a prime number?
False
Is 4740519163 a prime number?
False
Is 51807752809 a composite number?
True
Is 297287957 prime?
True
Is 51500995963 prime?
False
Is 2792251997 prime?
False
Is 2641408813 composite?
True
Is 4720436003 prime?
True
Is 22739006783 prime?
False
Is 36513087763 composite?
False
Is 1630669961 a prime number?
True
Is 419827417 a prime number?
True
Is 187427707 composite?
False
Is 104302726471 composite?
True
Is 17728592611 a prime number?
True
Is 1210329793 a prime number?
True
Is 11812424441 a prime number?
True
Is 53968259077 a prime number?
False
Is 3242103727 a composite number?
False
Is 22015391911 prime?
True
Is 36857525153 a prime number?
True
Is 213427873469 prime?
True
Is 3484915859 a prime number?
True
Is 12089681446 prime?
False
Is 3758606237 composite?
False
Is 7311370123 prime?
True
Is 1161803603 prime?
False
Is 176652062 composite?
True
Is 79696490741 prime?
False
Is 675376997 a composite number?
True
Is 1608059758 composite?
True
Is 21002772377 a prime number?
False
Is 100209358761 composite?
True
Is 14357177 a prime number?
True
Is 17464668313 a prime number?
True
Is 1875485 a composite number?
True
Is 19348826219 a prime number?
True
Is 27162505631 prime?
False
Is 25563117227 a composite number?
True
Is 449785559 a composite number?
False
Is 145882119 a composite number?
True
Is 247258789 prime?
True
Is 10792177491 prime?
False
Is 12398176517 a prime number?
False
Is 8938883797 a prime number?
False
Is 74089835801 prime?
True
Is 6071341615 prime?
False
Is 14516797081 a composite number?
True
Is 163061321 prime?
True
Is 12620989646 composite?
True
Is 6539011 prime?
False
Is 37594957083 prime?
False
Is 601914641 prime?
False
Is 379313087 a composite number?
True
Is 8982584713 a prime number?
True
Is 3360369359 a composite number?
True
Is 1225358629 a composite number?
True
Is 597593869 a prime number?
True
Is 10250653019 a composite number?
False
Is 2039851279 prime?
True
Is 9468451337 a composite number?
False
Is 21854493737 a prime number?
True
Is 5164920367 a composite number?
True
Is 18449744099 prime?
False
Is 1929214829 a prime number?
False
Is 178299203561 prime?
True
Is 63441197437 prime?
True
Is 65019283673 prime?
True
Is 1747670845 prime?
False
Is 1199037611 a prime number?
True
Is 651377099 composite?
True
Is 6218709971 prime?
True
Is 266774759 prime?
True
Is 137717836807 composite?
True
Is 3555919837 prime?
True
Is 1876196141 a prime number?
False
Is 3354375091 a prime number?
False
Is 603598207 a prime number?
True
Is 4065534859 a composite number?
False
Is 44507538815 prime?
False
Is 2672658649 composite?
False
Is 13403782849 prime?
True
Is 431319271 a prime number?
True
Is 98736793183 a composite number?
True
Is 5021933081 composite?
True
Is 95853999883 composite?
False
Is 400716161 prime?
True
Is 15509856535 composite?
True
Is 2334976753 composite?
False
Is 16848041113 a prime number?
True
Is 1049090591 prime?
True
Is 6575700541 composite?
False
Is 871148891 composite?
False
Is 20768099423 a prime number?
True
Is 5277733007 prime?
True
Is 671878463 composite?
True
Is 81174566293 composite?
False
Is 76761779 prime?
True
Is 2542761941 a prime number?
False
Is 21028882307 a composite number?
False
Is 36287641 composite?
True
Is 17209370237 a prime number?
True
Is 49181066213 a prime number?
True
Is 27172528699 a composite number?
False
Is 256735495 prime?
False
Is 1201560211 prime?
False
Is 11897993923 a prime number?
True
Is 41402687099 a prime number?
True
Is 23173527301 prime?
True
Is 6420845681 a composite number?
True
Is 2950228999 prime?
True
Is 1140158849 composite?
False
Is 17855403373 a composite number?
False
Is 6596023669 prime?
True
Is 5908295189 a composite number?
True
Is 111215549 prime?
True
Is 14384838619 a composite number?
True
Is 516057229 a composite number?
False
Is 753384719 a prime number?
True
Is 510039381 composite?
True
Is 54583185271 composite?
True
Is 542021059 composite?
True
Is 4627917509 prime?
True
Is 10268448347 a prime number?
False
Is 2337710927 prime?
True
Is 73403894489 prime?
False
Is 23191929697 composite?
False
Is 3254546329 a prime number?
True
Is 134583743219 prime?
True
Is 47879890589 prime?
False
Is 1797950081 composite?
True
Is 11081281283 a prime number?
True
Is 30011204891 prime?
False
Is 9812564717 a prime number?
False
Is 153597343747 a composite number?
True
Is 1667249053 composite?
True
Is 21922531394 composite?
True
Is 5954416873 a prime number?
False
Is 196015081 a composite number?
True
Is 481272461 a prime number?
False
Is 31205497322 a composite number?
True
Is 4789076623 a prime number?
True
Is 16975084003 a composite number?
True
Is 1371116077 prime?
True
Is 1137543169 composite?
True
Is 26107679341 composite?
False
Is 4957827151 a composite number?
True
Is 1639026307 a prime number?
True
Is 6199140671 a prime number?
False
Is 81484531 composite?
True
Is 67766297033 a prime number?
False
Is 10864133159 a composite number?
True
Is 640539892079 a prime number?
True
Is 6680938007 a prime number?
False
Is 126584743963 composite?
False
Is 393554074 a composite number?
True
Is 67330553 a composite number?
True
Is 5120939881 a prime number?
True
Is 1574516987 a composite number?
True
Is 195222401 prime?
False
Is 32533482823 a composite number?
False
Is 197216491 prime?
True
Is 303245461 a composite number?
True
Is 8332467229 a composite number?
True
Is 43912820009 a prime number?
False
Is 148192610809 composite?
False
Is 152973527233 a prime number?
True
Is 96025314871 a composite number?
False
Is 7991829749 a prime number?
False
Is 991560509 composite?
False
Is 77860278059 a composite number?
False
Is 51532951993 composite?
False
Is 7634363953 a prime number?
False
Is 1773721643 prime?
False
Is 653758439 a prime number?
False
Is 20751781961 composite?
False
Is 1